{"id":49987,"date":"2024-07-03T08:28:46","date_gmt":"2024-07-03T06:28:46","guid":{"rendered":"https:\/\/sfu.sk\/osoba\/lukas-janicik-2\/"},"modified":"2024-07-03T08:28:46","modified_gmt":"2024-07-03T06:28:46","slug":"lukas-janicik-2","status":"publish","type":"osoba","link":"https:\/\/sfu.sk\/en\/person\/lukas-janicik-2\/","title":{"rendered":"Luk\u00e1\u0161 Jani\u010d\u00edk"},"content":{"rendered":"","protected":false},"featured_media":0,"template":"","class_list":["post-49987","osoba","type-osoba","status-publish","hentry","funkcie_osob-strih"],"acf":[],"_links":{"self":[{"href":"https:\/\/sfu.sk\/en\/wp-json\/wp\/v2\/osoba\/49987","targetHints":{"allow":["GET"]}}],"collection":[{"href":"https:\/\/sfu.sk\/en\/wp-json\/wp\/v2\/osoba"}],"about":[{"href":"https:\/\/sfu.sk\/en\/wp-json\/wp\/v2\/types\/osoba"}],"wp:attachment":[{"href":"https:\/\/sfu.sk\/en\/wp-json\/wp\/v2\/media?parent=49987"}],"curies":[{"name":"wp","href":"https:\/\/api.w.org\/{rel}","templated":true}]}}

Lukáš Janičík
