{"id":51107,"date":"2023-12-15T09:02:27","date_gmt":"2023-12-15T08:02:27","guid":{"rendered":"https:\/\/sfu.sk\/osoba\/luka-grubisic-cabo-2\/"},"modified":"2023-12-15T09:02:27","modified_gmt":"2023-12-15T08:02:27","slug":"luka-grubisic-cabo-2","status":"publish","type":"osoba","link":"https:\/\/sfu.sk\/en\/person\/luka-grubisic-cabo-2\/","title":{"rendered":"Luka Grubi\u0161i\u0107 \u010cabo"},"content":{"rendered":"","protected":false},"featured_media":0,"template":"","class_list":["post-51107","osoba","type-osoba","status-publish","hentry","funkcie_osob-zvuk"],"acf":[],"_links":{"self":[{"href":"https:\/\/sfu.sk\/en\/wp-json\/wp\/v2\/osoba\/51107","targetHints":{"allow":["GET"]}}],"collection":[{"href":"https:\/\/sfu.sk\/en\/wp-json\/wp\/v2\/osoba"}],"about":[{"href":"https:\/\/sfu.sk\/en\/wp-json\/wp\/v2\/types\/osoba"}],"wp:attachment":[{"href":"https:\/\/sfu.sk\/en\/wp-json\/wp\/v2\/media?parent=51107"}],"curies":[{"name":"wp","href":"https:\/\/api.w.org\/{rel}","templated":true}]}}

Luka Grubišić Čabo
