{"id":52899,"date":"2023-10-19T09:52:42","date_gmt":"2023-10-19T07:52:42","guid":{"rendered":"https:\/\/sfu.sk\/osoba\/jan-baset-stritezsky-2\/"},"modified":"2023-10-19T09:52:42","modified_gmt":"2023-10-19T07:52:42","slug":"jan-baset-stritezsky-2","status":"publish","type":"osoba","link":"https:\/\/sfu.sk\/en\/person\/jan-baset-stritezsky-2\/","title":{"rendered":"Jan Baset St\u0159\u00edte\u017esk\u00fd"},"content":{"rendered":"","protected":false},"featured_media":0,"template":"","class_list":["post-52899","osoba","type-osoba","status-publish","hentry"],"acf":[],"_links":{"self":[{"href":"https:\/\/sfu.sk\/en\/wp-json\/wp\/v2\/osoba\/52899","targetHints":{"allow":["GET"]}}],"collection":[{"href":"https:\/\/sfu.sk\/en\/wp-json\/wp\/v2\/osoba"}],"about":[{"href":"https:\/\/sfu.sk\/en\/wp-json\/wp\/v2\/types\/osoba"}],"wp:attachment":[{"href":"https:\/\/sfu.sk\/en\/wp-json\/wp\/v2\/media?parent=52899"}],"curies":[{"name":"wp","href":"https:\/\/api.w.org\/{rel}","templated":true}]}}

Jan Baset Střítežský
