{"id":53599,"date":"2023-10-02T10:10:06","date_gmt":"2023-10-02T08:10:06","guid":{"rendered":"https:\/\/sfu.sk\/osoba\/dan-priban-2\/"},"modified":"2023-10-02T10:10:06","modified_gmt":"2023-10-02T08:10:06","slug":"dan-priban-2","status":"publish","type":"osoba","link":"https:\/\/sfu.sk\/en\/person\/dan-priban-2\/","title":{"rendered":"Dan P\u0159ib\u00e1\u0148"},"content":{"rendered":"","protected":false},"featured_media":0,"template":"","class_list":["post-53599","osoba","type-osoba","status-publish","hentry"],"acf":[],"_links":{"self":[{"href":"https:\/\/sfu.sk\/en\/wp-json\/wp\/v2\/osoba\/53599","targetHints":{"allow":["GET"]}}],"collection":[{"href":"https:\/\/sfu.sk\/en\/wp-json\/wp\/v2\/osoba"}],"about":[{"href":"https:\/\/sfu.sk\/en\/wp-json\/wp\/v2\/types\/osoba"}],"wp:attachment":[{"href":"https:\/\/sfu.sk\/en\/wp-json\/wp\/v2\/media?parent=53599"}],"curies":[{"name":"wp","href":"https:\/\/api.w.org\/{rel}","templated":true}]}}

Dan Přibáň
